{"id":2,"date":"2026-01-17T18:43:20","date_gmt":"2026-01-17T18:43:20","guid":{"rendered":"https:\/\/teijaalanen.fi\/?page_id=2"},"modified":"2026-03-30T18:48:03","modified_gmt":"2026-03-30T18:48:03","slug":"mina","status":"publish","type":"page","link":"https:\/\/teijaalanen.fi\/index.php\/mina\/","title":{"rendered":"Teija Alanen"},"content":{"rendered":"\n<p>Olen kasvatus- ja ohjausalan &#8221;amisopettaja&#8221; Joensuusta. Koulutukseltani olen kasvatustieteen maisteri, opinto-ohjaaja. Olen ty\u00f6skennellyt varhaiskasvatuksen lastenhoitajana, nuorisoty\u00f6nohjaajana, oppilaanohjaajana ja viimeiset vuodet olen kouluttanut nuoriso- ja yhteis\u00f6ohjaajia sek\u00e4 varhaiskasvatuksen lastenhoitajia. Ja t\u00e4rkeimp\u00e4n\u00e4 kaikista: olen my\u00f6s lukioik\u00e4isen nuoren \u00e4iti.<\/p>\n\n\n\n<figure class=\"wp-block-image size-full\"><img loading=\"lazy\" decoding=\"async\" width=\"430\" height=\"891\" src=\"https:\/\/teijaalanen.fi\/wp-content\/uploads\/2026\/01\/teija_kokonainen.png\" alt=\"\" class=\"wp-image-36\" srcset=\"https:\/\/teijaalanen.fi\/wp-content\/uploads\/2026\/01\/teija_kokonainen.png 430w, https:\/\/teijaalanen.fi\/wp-content\/uploads\/2026\/01\/teija_kokonainen-145x300.png 145w\" sizes=\"auto, (max-width: 430px) 100vw, 430px\" \/><\/figure>\n\n\n\n<p>Pitk\u00e4 kokemukseni lasten, nuorten ja perheiden parissa on saanut minut kiinnostumaan yh\u00e4 enemm\u00e4n siit\u00e4, miten voimme yhteiskuntana varmistaa perheiden hyvinvoinnin ja antaa lapsille ja nuorille parhaat mahdolliset ainekset hyv\u00e4\u00e4n kasvuun. Vuosien saatossa tekem\u00e4ll\u00e4ni vapaaehtoisty\u00f6ll\u00e4 lasten ja perheiden hyv\u00e4ksi on sill\u00e4kin ollut paikkansa, mutta koen, ett\u00e4 politiikan kautta voin olla mukana muuttamassa my\u00f6s rakenteita ja yhteiskuntaa ohjaavia s\u00e4\u00e4nt\u00f6j\u00e4.<\/p>\n\n\n\n<figure class=\"wp-block-image size-large\"><img loading=\"lazy\" decoding=\"async\" width=\"861\" height=\"1024\" src=\"https:\/\/teijaalanen.fi\/wp-content\/uploads\/2026\/01\/WhatsApp-Image-2026-01-23-at-11.51.38-1-861x1024.jpeg\" alt=\"\" class=\"wp-image-167\" srcset=\"https:\/\/teijaalanen.fi\/wp-content\/uploads\/2026\/01\/WhatsApp-Image-2026-01-23-at-11.51.38-1-861x1024.jpeg 861w, https:\/\/teijaalanen.fi\/wp-content\/uploads\/2026\/01\/WhatsApp-Image-2026-01-23-at-11.51.38-1-252x300.jpeg 252w, https:\/\/teijaalanen.fi\/wp-content\/uploads\/2026\/01\/WhatsApp-Image-2026-01-23-at-11.51.38-1-768x913.jpeg 768w, https:\/\/teijaalanen.fi\/wp-content\/uploads\/2026\/01\/WhatsApp-Image-2026-01-23-at-11.51.38-1-1292x1536.jpeg 1292w, https:\/\/teijaalanen.fi\/wp-content\/uploads\/2026\/01\/WhatsApp-Image-2026-01-23-at-11.51.38-1.jpeg 1722w\" sizes=\"auto, (max-width: 861px) 100vw, 861px\" \/><\/figure>\n\n\n\n<p>Olen aikaansaava toimija ja ratkaisukeskeinen yhteisty\u00f6n tekij\u00e4. Olen rohkea tarttumaan vaikeisiinkiin kysymyksiin ja haluan my\u00f6s haastaa itse\u00e4ni tarkastelemaan asioita eri n\u00e4k\u00f6kulmista.<\/p>\n\n\n\n<h2 class=\"wp-block-heading\">Vapaa-aika<\/h2>\n\n\n\n<p><strong>L\u00e4hiluonto<\/strong><\/p>\n\n\n\n<p>L\u00e4hiluonto on minulle henkireik\u00e4 ja vastapaino arjelle. Liikun p\u00e4ivitt\u00e4in kahden koirani kanssa l\u00e4himetsiss\u00e4. Vuodenaikojen vaihtelun ja el\u00e4inasukkaiden el\u00e4m\u00e4n seuraaminen pit\u00e4\u00e4 jatkuvasti mieless\u00e4 sen,  miten t\u00e4rke\u00e4\u00e4 on pit\u00e4\u00e4 huolta l\u00e4hiluonnostamme. Vuosien saatossa my\u00f6s Suomen lukuisat kansallis- ja luonnonpuistot ovat tulleet tutuiksi ja ne ovat vahvistaneet k\u00e4sityst\u00e4ni siit\u00e4, kuinka ainutlaatuinen suomalainen luonto on. Sit\u00e4 on suojeltava.<\/p>\n\n\n\n<figure class=\"wp-block-image size-large\"><img loading=\"lazy\" decoding=\"async\" width=\"768\" height=\"1024\" src=\"https:\/\/teijaalanen.fi\/wp-content\/uploads\/2026\/01\/WhatsApp-Image-2026-01-18-at-21.15.56-768x1024.jpeg\" alt=\"\" class=\"wp-image-84\" srcset=\"https:\/\/teijaalanen.fi\/wp-content\/uploads\/2026\/01\/WhatsApp-Image-2026-01-18-at-21.15.56-768x1024.jpeg 768w, https:\/\/teijaalanen.fi\/wp-content\/uploads\/2026\/01\/WhatsApp-Image-2026-01-18-at-21.15.56-225x300.jpeg 225w, https:\/\/teijaalanen.fi\/wp-content\/uploads\/2026\/01\/WhatsApp-Image-2026-01-18-at-21.15.56-1152x1536.jpeg 1152w, https:\/\/teijaalanen.fi\/wp-content\/uploads\/2026\/01\/WhatsApp-Image-2026-01-18-at-21.15.56.jpeg 1200w\" sizes=\"auto, (max-width: 768px) 100vw, 768px\" \/><\/figure>\n\n\n\n<p><strong>Sovittelu<\/strong><\/p>\n\n\n\n<p>Olen toiminut rikos- ja riita-asioiden sovittelijana l\u00e4hes kymmenen vuoden ajan. Sovittelu on opettanut minulle ennen kaikkea kuuntelemisen merkityst\u00e4. Se on osoittanut, ett\u00e4 vaikeissakin tilanteissa ihmiset voivat l\u00f6yt\u00e4\u00e4 yhteisen s\u00e4velen, kun heid\u00e4t kohdataan arvostavasti ja tasavertaisesti. Sovittelijana toimiminen on vahvistanut uskoani dialogiin, ymm\u00e4rryksen lis\u00e4\u00e4miseen ja ratkaisujen etsimiseen vastakkainasettelun sijaan \u2013 my\u00f6s politiikassa.<\/p>\n\n\n\n<p><strong>Kulttuuri ja kirjallisuus<\/strong><\/p>\n\n\n\n<p>Kulttuuri sen monissa muodoissaan on minulle sivistyksen ja hyvinvoinnin peruspilari. K\u00e4yn teatterissa, konserteissa ja muissa kulttuuritapahtumissa s\u00e4\u00e4nn\u00f6llisesti. Kuuntelen paljon \u00e4\u00e4nikirjoja ja v\u00e4lill\u00e4 ehdin tarttua my\u00f6s painettuun sanaan. Kirjallisuus avaa n\u00e4k\u00f6kulmia toisten ihmisten el\u00e4m\u00e4\u00e4n ja ajatteluun. Koen kirjojen parissa vietetyn ajan muovanneen omaa ajatteluani entist\u00e4 monin\u00e4k\u00f6kulmaisemmaksi. Kulttuuri kuuluu kaikille ja sen merkitys pit\u00e4\u00e4 muistaa p\u00e4\u00e4t\u00f6ksenteossa.<\/p>\n","protected":false},"excerpt":{"rendered":"<p>Olen kasvatus- ja ohjausalan &#8221;amisopettaja&#8221; Joensuusta. Koulutukseltani olen kasvatustieteen maisteri, opinto-ohjaaja. Olen ty\u00f6skennellyt varhaiskasvatuksen lastenhoitajana, nuorisoty\u00f6nohjaajana, oppilaanohjaajana ja viimeiset vuodet olen kouluttanut nuoriso- ja yhteis\u00f6ohjaajia sek\u00e4 varhaiskasvatuksen lastenhoitajia. Ja t\u00e4rkeimp\u00e4n\u00e4 kaikista: olen my\u00f6s lukioik\u00e4isen nuoren \u00e4iti. Pitk\u00e4 kokemukseni lasten, nuorten ja perheiden parissa on saanut minut kiinnostumaan yh\u00e4 enemm\u00e4n siit\u00e4, miten voimme yhteiskuntana varmistaa perheiden&#8230;<\/p>\n","protected":false},"author":1,"featured_media":0,"parent":0,"menu_order":0,"comment_status":"closed","ping_status":"closed","template":"","meta":{"footnotes":""},"class_list":["post-2","page","type-page","status-publish","hentry"],"_links":{"self":[{"href":"https:\/\/teijaalanen.fi\/index.php\/wp-json\/wp\/v2\/pages\/2","targetHints":{"allow":["GET"]}}],"collection":[{"href":"https:\/\/teijaalanen.fi\/index.php\/wp-json\/wp\/v2\/pages"}],"about":[{"href":"https:\/\/teijaalanen.fi\/index.php\/wp-json\/wp\/v2\/types\/page"}],"author":[{"embeddable":true,"href":"https:\/\/teijaalanen.fi\/index.php\/wp-json\/wp\/v2\/users\/1"}],"replies":[{"embeddable":true,"href":"https:\/\/teijaalanen.fi\/index.php\/wp-json\/wp\/v2\/comments?post=2"}],"version-history":[{"count":12,"href":"https:\/\/teijaalanen.fi\/index.php\/wp-json\/wp\/v2\/pages\/2\/revisions"}],"predecessor-version":[{"id":276,"href":"https:\/\/teijaalanen.fi\/index.php\/wp-json\/wp\/v2\/pages\/2\/revisions\/276"}],"wp:attachment":[{"href":"https:\/\/teijaalanen.fi\/index.php\/wp-json\/wp\/v2\/media?parent=2"}],"curies":[{"name":"wp","href":"https:\/\/api.w.org\/{rel}","templated":true}]}}

<p>Olen kasvatus- ja ohjausalan &#8221;amisopettaja&#8221; Joensuusta. Koulutukseltani olen kasvatustieteen maisteri, opinto-ohjaaja. Olen työskennellyt varhaiskasvatuksen lastenhoitajana, nuorisotyönohjaajana, oppilaanohjaajana ja viimeiset vuodet olen kouluttanut nuoriso- ja yhteisöohjaajia sekä varhaiskasvatuksen lastenhoitajia. Ja tärkeimpänä kaikista: olen myös lukioikäisen nuoren äiti.</p>



<figure class="wp-block-image size-full"><img loading="lazy" decoding="async" width="430" height="891" src="https://teijaalanen.fi/wp-content/uploads/2026/01/teija_kokonainen.png" alt="" class="wp-image-36" srcset="https://teijaalanen.fi/wp-content/uploads/2026/01/teija_kokonainen.png 430w, https://teijaalanen.fi/wp-content/uploads/2026/01/teija_kokonainen-145x300.png 145w" sizes="auto, (max-width: 430px) 100vw, 430px" /></figure>



<p>Pitkä kokemukseni lasten, nuorten ja perheiden parissa on saanut minut kiinnostumaan yhä enemmän siitä, miten voimme yhteiskuntana varmistaa perheiden hyvinvoinnin ja antaa lapsille ja nuorille parhaat mahdolliset ainekset hyvään kasvuun. Vuosien saatossa tekemälläni vapaaehtoistyöllä lasten ja perheiden hyväksi on silläkin ollut paikkansa, mutta koen, että politiikan kautta voin olla mukana muuttamassa myös rakenteita ja yhteiskuntaa ohjaavia sääntöjä.</p>



<figure class="wp-block-image size-large"><img loading="lazy" decoding="async" width="861" height="1024" src="https://teijaalanen.fi/wp-content/uploads/2026/01/WhatsApp-Image-2026-01-23-at-11.51.38-1-861x1024.jpeg" alt="" class="wp-image-167" srcset="https://teijaalanen.fi/wp-content/uploads/2026/01/WhatsApp-Image-2026-01-23-at-11.51.38-1-861x1024.jpeg 861w, https://teijaalanen.fi/wp-content/uploads/2026/01/WhatsApp-Image-2026-01-23-at-11.51.38-1-252x300.jpeg 252w, https://teijaalanen.fi/wp-content/uploads/2026/01/WhatsApp-Image-2026-01-23-at-11.51.38-1-768x913.jpeg 768w, https://teijaalanen.fi/wp-content/uploads/2026/01/WhatsApp-Image-2026-01-23-at-11.51.38-1-1292x1536.jpeg 1292w, https://teijaalanen.fi/wp-content/uploads/2026/01/WhatsApp-Image-2026-01-23-at-11.51.38-1.jpeg 1722w" sizes="auto, (max-width: 861px) 100vw, 861px" /></figure>



<p>Olen aikaansaava toimija ja ratkaisukeskeinen yhteistyön tekijä. Olen rohkea tarttumaan vaikeisiinkiin kysymyksiin ja haluan myös haastaa itseäni tarkastelemaan asioita eri näkökulmista.</p>



<h2 class="wp-block-heading">Vapaa-aika</h2>



<p><strong>Lähiluonto</strong></p>



<p>Lähiluonto on minulle henkireikä ja vastapaino arjelle. Liikun päivittäin kahden koirani kanssa lähimetsissä. Vuodenaikojen vaihtelun ja eläinasukkaiden elämän seuraaminen pitää jatkuvasti mielessä sen,  miten tärkeää on pitää huolta lähiluonnostamme. Vuosien saatossa myös Suomen lukuisat kansallis- ja luonnonpuistot ovat tulleet tutuiksi ja ne ovat vahvistaneet käsitystäni siitä, kuinka ainutlaatuinen suomalainen luonto on. Sitä on suojeltava.</p>



<figure class="wp-block-image size-large"><img loading="lazy" decoding="async" width="768" height="1024" src="https://teijaalanen.fi/wp-content/uploads/2026/01/WhatsApp-Image-2026-01-18-at-21.15.56-768x1024.jpeg" alt="" class="wp-image-84" srcset="https://teijaalanen.fi/wp-content/uploads/2026/01/WhatsApp-Image-2026-01-18-at-21.15.56-768x1024.jpeg 768w, https://teijaalanen.fi/wp-content/uploads/2026/01/WhatsApp-Image-2026-01-18-at-21.15.56-225x300.jpeg 225w, https://teijaalanen.fi/wp-content/uploads/2026/01/WhatsApp-Image-2026-01-18-at-21.15.56-1152x1536.jpeg 1152w, https://teijaalanen.fi/wp-content/uploads/2026/01/WhatsApp-Image-2026-01-18-at-21.15.56.jpeg 1200w" sizes="auto, (max-width: 768px) 100vw, 768px" /></figure>



<p><strong>Sovittelu</strong></p>



<p>Olen toiminut rikos- ja riita-asioiden sovittelijana lähes kymmenen vuoden ajan. Sovittelu on opettanut minulle ennen kaikkea kuuntelemisen merkitystä. Se on osoittanut, että vaikeissakin tilanteissa ihmiset voivat löytää yhteisen sävelen, kun heidät kohdataan arvostavasti ja tasavertaisesti. Sovittelijana toimiminen on vahvistanut uskoani dialogiin, ymmärryksen lisäämiseen ja ratkaisujen etsimiseen vastakkainasettelun sijaan – myös politiikassa.</p>



<p><strong>Kulttuuri ja kirjallisuus</strong></p>



<p>Kulttuuri sen monissa muodoissaan on minulle sivistyksen ja hyvinvoinnin peruspilari. Käyn teatterissa, konserteissa ja muissa kulttuuritapahtumissa säännöllisesti. Kuuntelen paljon äänikirjoja ja välillä ehdin tarttua myös painettuun sanaan. Kirjallisuus avaa näkökulmia toisten ihmisten elämään ja ajatteluun. Koen kirjojen parissa vietetyn ajan muovanneen omaa ajatteluani entistä moninäkökulmaisemmaksi. Kulttuuri kuuluu kaikille ja sen merkitys pitää muistaa päätöksenteossa.</p>

<p>Olen kasvatus- ja ohjausalan &#8221;amisopettaja&#8221; Joensuusta. Koulutukseltani olen kasvatustieteen maisteri, opinto-ohjaaja. Olen työskennellyt varhaiskasvatuksen lastenhoitajana, nuorisotyönohjaajana, oppilaanohjaajana ja viimeiset vuodet olen kouluttanut nuoriso- ja yhteisöohjaajia sekä varhaiskasvatuksen lastenhoitajia. Ja tärkeimpänä kaikista: olen myös lukioikäisen nuoren äiti. Pitkä kokemukseni lasten, nuorten ja perheiden parissa on saanut minut kiinnostumaan yhä enemmän siitä, miten voimme yhteiskuntana varmistaa perheiden&#8230;</p>
