{"id":149,"date":"2026-01-23T17:01:38","date_gmt":"2026-01-23T17:01:38","guid":{"rendered":"https:\/\/teijaalanen.fi\/index.php\/luottamustehtavat\/"},"modified":"2026-01-24T06:39:49","modified_gmt":"2026-01-24T06:39:49","slug":"luottamustehtavat","status":"publish","type":"page","link":"https:\/\/teijaalanen.fi\/index.php\/luottamustehtavat\/","title":{"rendered":"Luottamusteht\u00e4v\u00e4t"},"content":{"rendered":"\n<div class=\"wp-block-columns is-layout-flex wp-container-core-columns-is-layout-28f84493 wp-block-columns-is-layout-flex\">\n<div class=\"wp-block-column is-layout-flow wp-block-column-is-layout-flow\" style=\"flex-basis:25%\"><\/div>\n\n\n\n<div class=\"wp-block-column is-layout-flow wp-block-column-is-layout-flow\" style=\"flex-basis:50%\"><h2 class=\"wp-block-post-title\">Luottamusteht\u00e4v\u00e4t<\/h2>\n\n\n<h4 class=\"wp-block-heading\">Nykyiset<\/h4>\n\n\n\n<ul class=\"wp-block-list\">\n<li>06\/2025-&nbsp;<strong>Kaupunginvaltuutettu<\/strong>, Joensuun kaupunki<\/li>\n\n\n\n<li>06\/2025-&nbsp;<strong>Aluevaltuutettu<\/strong>, Pohjois-Karjalan hyvinvointialue<\/li>\n\n\n\n<li>06\/2025-&nbsp;<strong>Tarkastuslautakunnan j\u00e4sen<\/strong>, Joensuun kaupunki<\/li>\n\n\n\n<li>06\/2025-\u00a0<strong>Maakuntavaltuuston j\u00e4sen<\/strong>, Pohjois-Karjalan maakuntaliitto<\/li>\n\n\n\n<li>09\/2025- <strong>Lapsi- ja perheasiainneuvoston j\u00e4sen<\/strong>, Pohjois-Karjalan hyvinvointialue<\/li>\n\n\n\n<li>09\/2025- <strong>Lapsi- ja perheasiainneuvoston edustaja tulevaisuuslautakunnassa<\/strong>, Pohjois-Karjalan hyvinvointialue (puhe- ja l\u00e4sn\u00e4olo-oikeus)<\/li>\n\n\n\n<li>11\/2025- <strong>Henkil\u00f6st\u00f6n edustaja yhtym\u00e4valtuustossa<\/strong>, Pohjois-Karjalan koulutuskuntayhtym\u00e4 (puhe- ja l\u00e4sn\u00e4olo-oikeus)<\/li>\n<\/ul>\n\n\n\n<h4 class=\"wp-block-heading\">P\u00e4\u00e4ttyneet<\/h4>\n\n\n\n<ul class=\"wp-block-list\">\n<li>2017-2018&nbsp;<strong>Varapuheenjohtaja<\/strong>, Pohjois-Karjalan ammatilliset opettajat ry.<\/li>\n\n\n\n<li>2015-2018&nbsp;<strong>Varaluottamusmies<\/strong>, Pohjois-Karjalan koulutuskuntayhtym\u00e4 \/ OAJ<\/li>\n\n\n\n<li>2008-2009&nbsp;<strong>Hallituksen j\u00e4sen<\/strong>, koulutuspoliittinen vastaava, Suomen opettajaksi opiskelevien liitto SOOL ry.<\/li>\n\n\n\n<li>2008&nbsp;<strong>Koulutuspoliittisen jaoston varapuheenjohtaja<\/strong>, Joensuun yliopiston ylioppilaskunta<\/li>\n<\/ul>\n<\/div>\n\n\n\n<div class=\"wp-block-column is-layout-flow wp-block-column-is-layout-flow\" style=\"flex-basis:25%\"><\/div>\n<\/div>\n\n\n\n<p><\/p>\n","protected":false},"excerpt":{"rendered":"<p>Nykyiset P\u00e4\u00e4ttyneet<\/p>\n","protected":false},"author":1,"featured_media":0,"parent":0,"menu_order":0,"comment_status":"closed","ping_status":"closed","template":"full-width","meta":{"footnotes":""},"class_list":["post-149","page","type-page","status-publish","hentry"],"_links":{"self":[{"href":"https:\/\/teijaalanen.fi\/index.php\/wp-json\/wp\/v2\/pages\/149","targetHints":{"allow":["GET"]}}],"collection":[{"href":"https:\/\/teijaalanen.fi\/index.php\/wp-json\/wp\/v2\/pages"}],"about":[{"href":"https:\/\/teijaalanen.fi\/index.php\/wp-json\/wp\/v2\/types\/page"}],"author":[{"embeddable":true,"href":"https:\/\/teijaalanen.fi\/index.php\/wp-json\/wp\/v2\/users\/1"}],"replies":[{"embeddable":true,"href":"https:\/\/teijaalanen.fi\/index.php\/wp-json\/wp\/v2\/comments?post=149"}],"version-history":[{"count":6,"href":"https:\/\/teijaalanen.fi\/index.php\/wp-json\/wp\/v2\/pages\/149\/revisions"}],"predecessor-version":[{"id":191,"href":"https:\/\/teijaalanen.fi\/index.php\/wp-json\/wp\/v2\/pages\/149\/revisions\/191"}],"wp:attachment":[{"href":"https:\/\/teijaalanen.fi\/index.php\/wp-json\/wp\/v2\/media?parent=149"}],"curies":[{"name":"wp","href":"https:\/\/api.w.org\/{rel}","templated":true}]}}

Luottamustehtävät

<div class="wp-block-columns is-layout-flex wp-container-core-columns-is-layout-28f84493 wp-block-columns-is-layout-flex">
<div class="wp-block-column is-layout-flow wp-block-column-is-layout-flow" style="flex-basis:25%"></div>



<div class="wp-block-column is-layout-flow wp-block-column-is-layout-flow" style="flex-basis:50%"><h2 class="wp-block-post-title">Luottamustehtävät</h2>


<h4 class="wp-block-heading">Nykyiset</h4>



<ul class="wp-block-list">
<li>06/2025-&nbsp;<strong>Kaupunginvaltuutettu</strong>, Joensuun kaupunki</li>



<li>06/2025-&nbsp;<strong>Aluevaltuutettu</strong>, Pohjois-Karjalan hyvinvointialue</li>



<li>06/2025-&nbsp;<strong>Tarkastuslautakunnan jäsen</strong>, Joensuun kaupunki</li>



<li>06/2025- <strong>Maakuntavaltuuston jäsen</strong>, Pohjois-Karjalan maakuntaliitto</li>



<li>09/2025- <strong>Lapsi- ja perheasiainneuvoston jäsen</strong>, Pohjois-Karjalan hyvinvointialue</li>



<li>09/2025- <strong>Lapsi- ja perheasiainneuvoston edustaja tulevaisuuslautakunnassa</strong>, Pohjois-Karjalan hyvinvointialue (puhe- ja läsnäolo-oikeus)</li>



<li>11/2025- <strong>Henkilöstön edustaja yhtymävaltuustossa</strong>, Pohjois-Karjalan koulutuskuntayhtymä (puhe- ja läsnäolo-oikeus)</li>
</ul>



<h4 class="wp-block-heading">Päättyneet</h4>



<ul class="wp-block-list">
<li>2017-2018&nbsp;<strong>Varapuheenjohtaja</strong>, Pohjois-Karjalan ammatilliset opettajat ry.</li>



<li>2015-2018&nbsp;<strong>Varaluottamusmies</strong>, Pohjois-Karjalan koulutuskuntayhtymä / OAJ</li>



<li>2008-2009&nbsp;<strong>Hallituksen jäsen</strong>, koulutuspoliittinen vastaava, Suomen opettajaksi opiskelevien liitto SOOL ry.</li>



<li>2008&nbsp;<strong>Koulutuspoliittisen jaoston varapuheenjohtaja</strong>, Joensuun yliopiston ylioppilaskunta</li>
</ul>
</div>



<div class="wp-block-column is-layout-flow wp-block-column-is-layout-flow" style="flex-basis:25%"></div>
</div>



<p></p>

<p>Nykyiset Päättyneet</p>
